= -290 + 939. What is the units digit of c?
9
Let n(s) = -5*s**3 - 2*s**2 + 2*s - 1. Let v be n(1). Let a(c) = -2*c - 16. Let g(f) = 3*f + 24. Let y(r) = -8*a(r) - 5*g(r). What is the units digit of y(v)?
2
Let z = -1888 + 2808. What is the tens digit of z?
2
Let j be -51 + (7 + 2)/3. Let v be j/2*6/(-18). What is the units digit of v - (-3 + -1)/4?
9
Let i(t) = 13*t**2 + 11*t - 21. What is the hundreds digit of i(7)?
6
Let x(g) = g + 10. Let q = -19 + 12. Let r be x(q). Suppose r*i - 120 = -2*i. What is the units digit of i?
4
Suppose -1064 - 1442 = -7*o. What is the tens digit of o?
5
Suppose -61*c + 642 = -59*c. What is the hundreds digit of c?
3
Let t(n) = 2*n**2 - 19*n + 13. Let g be t(9). Suppose 204 = 5*h + 2*l, -g*h + l + 59 = -99. What is the tens digit of h?
4
Let q = -1740 - -2897. What is the tens digit of q?
5
Let t(s) = 523*s**3 + s**2 - 5*s + 4. What is the tens digit of t(1)?
2
Suppose -5*h - 20 = -0*r - r, -3*r = -3*h. Let y = 169 + r. What is the tens digit of y?
6
Let t be (4/6)/((-10)/1245). What is the tens digit of t/2*(-5 + (-9)/(-3))?
8
Let j(b) = 3*b**2 + 86*b + 134. What is the units digit of j(-44)?
8
Let z = 2 + -4. Suppose -b - 2*q + 32 = -4*b, 5*q = 20. What is the units digit of (b - -7)/(z/10)?
5
Let q(r) = 55*r**2 + 3*r - 2. Let t(m) = m**2 + 9*m - 17. Let y be t(-9). Let l = 18 + y. What is the tens digit of q(l)?
5
Let w = -28 - -19. Let p(y) = -y**3 - 7*y**2 + 12*y - 5. What is the tens digit of p(w)?
4
Suppose 2*i - 5*i = 5*c + 151, 3*i = -2*c - 145. What is the tens digit of i/((-1)/(-1 - -3))?
9
Let c(k) be the first derivative of k**4/4 - 14*k**3/3 - 7*k**2 - 7*k - 23. What is the units digit of c(15)?
8
Suppose -3*l + 2*a - 9 = 3*a, 4*l - 4*a + 28 = 0. Let g be (l/5)/((-2)/(-120)). Let x = 82 + g. What is the tens digit of x?
3
Suppose 57*n - 74382 = 34659. What is the thousands digit of n?
1
Suppose 0 = -14*w + 23631 - 2085. What is the tens digit of w?
3
Suppose 2*u + 2*c = -58, 42 = -4*u - 5*c - 75. Let s = u + 53. What is the units digit of s?
5
What is the hundreds digit of ((-517)/(-188))/(1/660)?
8
Suppose 13*k - 20*k + 56 = 0. Let r = k - 5. What is the units digit of r?
3
Let g = -10 + 13. Let z be 0/(g - -1) - -6. Suppose 0 = 5*q - z*q + 25. What is the units digit of q?
5
Suppose -3*r = 3*c - 1044, -2*c + 238 = 4*r - 452. What is the tens digit of c?
5
Suppose -3*n - 273 = -2*p - 2*p, 4*p = -3*n + 303. What is the units digit of 10*(-28)/(-6)*p/28?
0
What is the units digit of 32/8 + -1 + 581 + 1?
5
Suppose 4*g - 2*j = -279 - 331, -j = -4*g - 609. Let w = g + 270. What is the units digit of w?
8
Let a = 1 - -1. Suppose 5*l = -t + 5*t + 612, -a*l = -5*t - 255. What is the tens digit of l?
2
Let i be 1 + 1 + (-21 - -12). Let t(h) = -11*h + 24. Let a be t(i). Suppose 17 = -2*r + a. What is the tens digit of r?
4
Let y be 36/(-21) - (-3)/((-42)/4). What is the hundreds digit of (-3 - 690/(-12))*(-4)/y?
1
Suppose 6411 = 36*a - 14145. What is the tens digit of a?
7
Suppose -12 = 4*c, -14*f = -18*f - 5*c + 1969. What is the units digit of f?
6
Suppose 5*o - 68 - 13 = -3*m, 15 = -5*o. Let k = 167 - m. Suppose 0*w - 5*w = -k. What is the units digit of w?
7
Suppose 2*u + 1 + 11 = 0. Let z(j) = j**2 + 1 - 3*j + 0*j**2 - j**3 - 7*j**2. What is the units digit of z(u)?
9
Let n(t) = -t**2 - 8*t - 3. Let a be n(-6). Let r(k) = 4*k**2 - 19*k - 13. What is the tens digit of r(a)?
4
What is the thousands digit of 5/(60/50361) + 4/16?
4
Let k(u) = u + 1. Let l be k(-3). Let q(n) = -n - 7. Let y be q(-15). Let g = y + l. What is the units digit of g?
6
Suppose 5*s - 155 = -0*s - 5*b, 0 = -5*s + b + 131. Suppose 3*x = -4*p + 22, -4*x - p + s + 11 = 0. What is the tens digit of 43 + -2 - x/5?
3
Suppose -3*o + 2*o + 608 = 0. What is the tens digit of o?
0
Let r be (-6 - -4) + 9*10. Suppose 2*h + r = -2*h. Let j = h + 47. What is the units digit of j?
5
Suppose 0 = -59*w + 12*w + 32759. What is the hundreds digit of w?
6
Let q be -3 + -4 + 3 - -7. Let m be 1 + -1 - (-12)/q. Suppose -3*a = 5*k - 122, 3*a + k = m*k + 162. What is the units digit of a?
9
Let r be (2/(-5))/(1/(-5)). Suppose d = f + r*f + 4, -2*d - 5*f + 19 = 0. Suppose 4*m - 28 = 2*k - 5*k, -m + d = -k. What is the units digit of m?
7
Let n = -210 + 575. Suppose 4*c - n = -c. What is the tens digit of c?
7
Let a = 12 - 7. Suppose 4*f - 427 = -a*r + f, 3*r - 261 = 3*f. What is the units digit of r?
6
What is the tens digit of ((-6174)/(-35))/(3/15)?
8
Let m = 45 - -144. Let u = 267 - m. What is the tens digit of u?
7
Suppose -g + 977 = -i, g - 225 = -4*i + 742. What is the tens digit of g?
7
Let z be 22*(12/(-18))/(6/9). Let b = z - -110. What is the units digit of b?
8
Suppose -4*v + 298 = -354. Suppose 2*b - 69 = 5*k, 3*k + v = 4*b - 2*k. What is the units digit of b?
7
Suppose 0 = 6*l - 15*l + 3195. Let m = l + -184. What is the tens digit of m?
7
Let i = 47 + -27. Suppose -4*w + 468 = i. What is the units digit of w?
2
Let i be 0 + 17 + (-1)/1. Let d be i/4 - (-99)/(-3). Let c = d + 70. What is the tens digit of c?
4
Suppose 24 = 5*n + 44. What is the hundreds digit of (8/7)/n + 5766/42?
1
Suppose -4*u - q - 90 + 2583 = 0, -u + 642 = 4*q. What is the hundreds digit of u?
6
Let z be 91*(-4)/(-12)*3. Let d = z - 53. Suppose 4*v - d = 3*y, 4*y + 0*y - 24 = -4*v. What is the units digit of v?
8
Suppose -99 = 5*a - 794. What is the hundreds digit of a?
1
What is the units digit of 11*964/19 + 14/(-133)?
8
Suppose -8*i + 14 = -7*i. Let a = -22 + i. What is the tens digit of 6/2*(-152)/a?
5
Let f(y) = y**2 - 14. Let n be f(-13). Suppose 8*p - 3*p - n = 0. Suppose 2*r + 88 = 5*r - 5*v, -r + 2*v + p = 0. What is the tens digit of r?
2
Let u = 578 + -347. What is the units digit of u?
1
Let d = 193 + -9. What is the hundreds digit of d?
1
Suppose -432 = -4*h - 2*d, -3*h = 4*h - 2*d - 745. What is the hundreds digit of h?
1
Suppose 3*q - 6*q = 3. Let g = q - -3. Suppose 5*b = r + 114 + 60, 2*r + 68 = g*b. What is the units digit of b?
5
Suppose 4*h + i - 279 = h, -4*h + 385 = -3*i. Let f = 134 - h. What is the units digit of f?
0
Suppose 0 = 7*s + 100 - 919. Let f = s - 54. What is the tens digit of f?
6
Suppose 0 = -2*i + 2*n - 10, 5*i + 2*n + 9 = -n. What is the tens digit of i*(114 + 1)/(-5)?
6
Let n be 11/(-11) - -1*4 - 3. Suppose 2*w - 5*w + 336 = n. What is the tens digit of w?
1
Let q(l) = 2*l**2 - 11*l - 2. Let j be q(6). Let v be 5/(-1 + 1*2). Suppose 4*t - 5*t + 1 = 0, o - j = v*t. What is the units digit of o?
9
Suppose -10 = v - 32. Let x = 4 + v. What is the tens digit of x?
2
Let u(l) be the second derivative of -3*l**5/20 - l**4/4 - l**3 - 7*l**2/2 + l. Let v(a) = 7*a - 346. Let b be v(49). What is the units digit of u(b)?
5
Suppose 4*z + 3144 = 8*s - 4*s, 784 = s - 2*z. What is the hundreds digit of s?
7
Let w(t) = -t**3 + t**2 + 1. Let n(b) = 3*b**3 - 15*b**2 + 10*b + 25. Let l(g) = -n(g) - 2*w(g). What is the units digit of l(11)?
5
Let o(a) = 9*a**2 + 10*a - 26. What is the hundreds digit of o(14)?
8
Let b be 0/(2*(-1)/(-2)). Suppose h = -b*h. Suppose 45 = 3*c - h*c. What is the units digit of c?
5
Suppose -12699 = -4*p + 5*w, -2*w + 13549 = 5*p - 2333. What is the hundreds digit of p?
1
Suppose x - 3*h - 496 = -x, -996 = -4*x + 5*h. Let m = x - 145. What is the units digit of m?
9
Suppose t + 3*p - 635 = 0, 4*t - 9*t - 6*p = -3220. What is the hundreds digit of t?
6
Let n(q) = -q**3 + 9*q**2 - q - 23. What is the tens digit of n(-6)?
2
Suppose -9*b + 1050 = -3*b. What is the hundreds digit of b?
1
Let c = 781 - 540. What is the hundreds digit of c?
2
What is the units digit of (25/(-75))/((-1)/15)?
5
Suppose -3*i - 2*w = 75 + 57, -5*i = -w + 207. Let b = i - -103. What is the units digit of b?
1
Suppose 4*x + 138 = 2*w - 172, -640 = -4*w + 3*x. Suppose -3*j = 2*o - 0*j - 324, -w = -o - j. What is the tens digit of o?
6
Let f(x) = 19*x**2 + 10*x + 13. Let z be f(-8). Suppose -37 = 8*p - z. What is the tens digit of p?
3
Let f = 333 - -1445. What is the units digit of f?
8
Let j be -1*(-2)/12 - (-2884)/(-24). Let i = 316 + j. What is the units digit of i?
6
Let w = -1325 - -3719. What is the tens digit of 6/15 + -1*w/(-15)?
6
Let s(l) = -74*l - 50. Let k(z) = -50*z - 33. Let q(t) = -7*k(t) + 5*s(t). What is the tens digit of q(-4)?
6
Sup